rue
Is 6 a factor of 3027456?
True
Does 17 divide 547757?
True
Is 2354 a factor of 8985218?
True
Is 210 a factor of 89025?
False
Does 2 divide 3522?
True
Is 26554 a multiple of 18?
False
Does 103 divide 942880?
False
Is 8 a factor of 302872?
True
Is 2 a factor of 12243?
False
Is 4769206 a multiple of 26?
True
Does 7 divide 84560?
True
Does 491 divide 872748?
False
Does 7 divide 64918?
True
Is 529 a factor of 648391?
False
Does 190 divide 582366?
False
Does 18 divide 834635?
False
Is 7 a factor of 187759?
False
Is 27825 a multiple of 25?
True
Is 9 a factor of 427074?
False
Is 910 a factor of 2171260?
True
Is 1661883 a multiple of 3?
True
Does 423 divide 6653367?
True
Is 151578 a multiple of 126?
True
Is 56699 a multiple of 59?
True
Does 259 divide 419929?
False
Is 67214 a multiple of 181?
False
Is 8107037 a multiple of 60?
False
Is 6491741 a multiple of 8?
False
Does 138 divide 221159?
False
Does 3 divide 217721?
False
Is 17634 a multiple of 235?
False
Is 75 a factor of 62775?
True
Is 25 a factor of 342345?
False
Does 100 divide 198567?
False
Is 131364 a multiple of 369?
True
Is 354281 a multiple of 11?
False
Does 35 divide 41136?
False
Is 257445 a multiple of 135?
True
Does 34 divide 834203?
False
Is 398 a factor of 302480?
True
Is 7 a factor of 21707?
True
Does 81 divide 70794?
True
Does 14 divide 127512?
True
Does 41 divide 30893?
False
Is 39417 a multiple of 6?
False
Does 71 divide 222798?
True
Is 91256 a multiple of 83?
False
Is 270355 a multiple of 13?
False
Is 329 a factor of 1421542?
False
Does 103 divide 48925?
True
Is 470428 a multiple of 608?
False
Does 178 divide 256320?
True
Is 29 a factor of 9947261?
True
Does 6 divide 459102?
True
Does 91 divide 4440709?
True
Is 232525 a multiple of 211?
False
Is 27 a factor of 2304450?
True
Does 27 divide 226071?
True
Is 89478 a multiple of 54?
True
Is 12 a factor of 418490?
False
Is 9 a factor of 1000962?
True
Is 1976082 a multiple of 22?
False
Is 1606259 a multiple of 11?
False
Is 24 a factor of 661848?
True
Is 12 a factor of 94373?
False
Does 462 divide 477246?
True
Does 147 divide 14007042?
True
Does 143 divide 977926?
False
Does 47 divide 158343?
True
Is 1598844 a multiple of 148?
True
Is 480157 a multiple of 360?
False
Is 473751 a multiple of 9?
True
Is 338430 a multiple of 5?
True
Is 10761135 a multiple of 735?
True
Does 19 divide 1865572?
True
Is 1799405 a multiple of 593?
False
Is 242 a factor of 2098876?
False
Is 180783 a multiple of 181?
False
Does 27 divide 91044?
True
Does 15 divide 34365?
True
Is 11 a factor of 9049763?
False
Is 31018 a multiple of 62?
False
Is 18 a factor of 4935258?
True
Is 993 a multiple of 309?
False
Is 3 a factor of 37419?
True
Does 3 divide 128269?
False
Is 10 a factor of 7122071?
False
Does 38 divide 377530?
True
Is 556 a factor of 4089380?
True
Is 40 a factor of 151800?
True
Does 582 divide 157723?
False
Is 313 a factor of 2780692?
True
Is 633995 a multiple of 115?
True
Is 431 a factor of 179189?
False
Is 345592 a multiple of 18?
False
Is 261920 a multiple of 10?
True
Is 736 a factor of 86112?
True
Is 3299681 a multiple of 11?
True
Is 29 a factor of 66265?
True
Does 28 divide 917116?
False
Is 2891666 a multiple of 267?
False
Is 113613 a multiple of 21?
False
Is 145405 a multiple of 65?
True
Does 69 divide 134230?
False
Is 50141 a multiple of 13?
True
Is 6291602 a multiple of 128?
False
Is 8 a factor of 248952?
True
Does 83 divide 11236241?
False
Is 60296 a multiple of 5?
False
Is 19710 a multiple of 90?
True
Does 2 divide 271526?
True
Does 71 divide 99306?
False
Does 462 divide 1717254?
True
Is 930912 a multiple of 245?
False
Does 17 divide 22771789?
True
Does 57 divide 1277508?
False
Is 245287 a multiple of 27?
False
Is 15 a factor of 487700?
False
Is 9434 a multiple of 19?
False
Is 166 a factor of 327684?
True
Is 88274 a multiple of 243?
False
Does 424 divide 172635?
False
Is 2769172 a multiple of 6?
False
Does 4 divide 45508?
True
Does 3 divide 196682?
False
Is 483 a factor of 2854530?
True
Does 162 divide 847914?
False
Is 31 a factor of 67394?
True
Does 133 divide 435176?
True
Does 10 divide 685140?
True
Is 472604 a multiple of 44?
True
Is 794753 a multiple of 111?
False
Is 292 a factor of 78439?
False
Is 2197963 a multiple of 859?
False
Is 30 a factor of 3560100?
True
Is 398 a factor of 166365?
False
Is 13 a factor of 12140973?
True
Does 285 divide 353685?
True
Does 286 divide 3333902?
True
Is 16326120 a multiple of 1020?
True
Is 19 a factor of 483588?
True
Does 39 divide 39?
True
Does 24 divide 43728?
True
Does 5 divide 123700?
True
Does 225 divide 165931?
False
Is 5 a factor of 13292?
False
Is 30 a factor of 53910?
True
Is 299 a factor of 670298?
False
Is 488 a factor of 52708?
False
Does 29 divide 3824130?
False
Is 454836 a multiple of 4?
True
Is 11944356 a multiple of 12?
True
Does 65 divide 3849532?
False
Is 10469472 a multiple of 13?
True
Is 5890480 a multiple of 290?
True
Is 24 a factor of 9476453?
False
Is 6 a factor of 162624?
True
Is 51502 a multiple of 11?
True
Is 167787 a multiple of 927?
True
Is 85 a factor of 285547?
False
Is 266 a factor of 60996?
False
Does 55 divide 255521?
False
Is 2904309 a multiple of 8?
False
Is 269094 a multiple of 27?
False
Does 15 divide 4117104?
False
Is 7 a factor of 33431?
False
Does 100 divide 59616?
False
Is 618205 a multiple of 55?
False
Does 10 divide 344392?
False
Does 175 divide 275800?
True
Is 32 a factor of 197887?
False
Does 200 divide 676800?
True
Is 1780600 a multiple of 4?
True
Is 25 a factor of 280775?
True
Is 28 a factor of 425657?
False
Is 41 a factor of 2165702?
True
Is 6503120 a multiple of 450?
False
Is 171626 a multiple of 2?
True
Does 67 divide 331047?
True
Does 499 divide 2563862?
True
Is 677840 a multiple of 16?
True
Is 35625 a multiple of 95?
True
Is 163268 a multiple of 17?
True
Does 258 divide 23608290?
True
Does 74 divide 4350090?
True
Does 47 divide 392826?
True
Is 43 a factor of 191377?
False
Does 89 divide 4005?
True
Is 834660 a multiple of 6?
True
Does 50 divide 199550?
True
Does 9 divide 62655?
False
Does 420 divide 1163882?
False
Is 61 a factor of 838256?
False
Does 26 divide 126249?
False
Is 29 a factor of 1565420?
True
Is 3 a factor of 77298?
True
Does 104 divide 69415?
False
Is 53 a factor of 7124366?
True
Is 71 a factor of 424296?
True
Is 222 a factor of 200688?
True
Is 12160180 a multiple of 27?
False
Does 9 divide 2334987?
True
Does 25 divide 8172916?
False
Is 2171466 a multiple of 99?
True
Does 46 divide 616070?
False
Is 76300 a multiple of 35?
True
Is 160084 a multiple of 4?
True
Does 435 divide 1632120?
True
Is 97 a factor of 15908?
True
Does 1137 divide 651501?
True
Is 67 a factor of 1195079?
True
Is 472878 a multiple of 378?
True
Is 11322560 a multiple of 126?
False
Is 5 a factor of 666334?
False
Does 25 divide 24347574?
False
Does 125 divide 6611375?
True
Does 171 divide 819910?
False
Does 24 divide 233640?
True
Is 57844 a multiple of 637?
False
Is 141323 a multiple of 91?
True
Is 1462 a factor of 9215975?
False
Is 593196 a multiple of 10?
False
Is 619218 a multiple of 21?
False
Is 221371 a multiple of 46?
False
Is 94 a factor of 2179954?
True
Is 387 a factor of 268520?
False
Does 210 divide 962430?
True
Does 13 divide 121921?
False
Is 10833667 a multiple of 29?
False
Is 26 a factor of 3538395?
False
Is 277 a factor of 4098492?
True
Is 139365 a multiple of 769?
False
Is 2613586 a multiple of 13?
False
Is 10339524 a multiple of 289?
False
Is 179 a factor of 36847?
False
Is 64205 a multiple of 7?
False
Is 89 a factor of 45053?
False
Is 61137 a multiple of 29?
False
Is 379273 a multiple of 10?
False
Does 28 divide 2120721?
False
Is 30 a factor of 531660?
True
Is 34216 a multiple of 52?
True
Does 30 divide 282660?
True
Does 14 divide 2934484?
True
Is 997 a factor of 24927991?
True
Does 39 divide 489450?
True
Is 10 a factor of 899010?
True
Is 6 a factor of 7656811?
False
Is 346841 a multiple of 38?
False
Is 46 a factor of 2698289?
False
Does 6 divide 99714?
True
Is 3102654 a multiple of 34?
False
Does 43 divide 4429?
True
Does 137 divide 13611268?
False
Is 84 a factor of 1200336?
False
Is 3257047 a multiple of 1013?
False
Does 13 divide 249179?
False
Does 12 divide 3028875?
False
Is 61 a factor of 108885?
True
Is 635295 a multiple of 348?
False
Does 9 divide 6947532